s(h).
-12
Let p(l) = 8*l**2 + 69*l - 40. Let a be p(-9). Let n(r) = r**3 + 13*r**2 + 5*r - 3. Calculate n(a).
-68
Let c(l) = l - 1. Suppose 5*r - 8*r - 36 = -3*v, -3*v = -5*r - 44. Let x be ((-9)/(-12))/(3/v). Let w be -1 + 1 - (4 - x). Determine c(w).
-3
Suppose 3*z = 16*z - 91. Suppose -z*p = 5*p + 24. Let i(d) = -2*d**2 + 2. Determine i(p).
-6
Let c = 349 - 346. Let y(a) = -a - 80*a**2 + a**c + 170*a**2 - 87*a**2 + 3. Give y(-3).
6
Suppose -208*a + 147*a - 1664 = -477*a. Let w(t) be the second derivative of -t**5/20 + t**4/6 + t**3/3 + t**2 - t. Determine w(a).
-22
Let x(y) = 203 + 182 - 10*y - 292. Give x(8).
13
Let g(v) = 25*v**3 - 145*v**2 - 4*v - 81. Let n(j) = 13*j**3 - 73*j**2 - 2*j - 40. Let c(i) = 15*g(i) - 29*n(i). What is c(-29)?
3
Let r(b) be the first derivative of -b**3/3 - b**2/2 + 3*b + 1286. Let n be 3/6*2*-1. Let m be 0/(n + 4)*-1. Calculate r(m).
3
Let c(j) = j**3 + 9*j**2 - 12*j - 20. Let s(i) = -2*i + 7. Let q be s(3). Let t be -5*(q - (-20)/(-12))*-3. Let p be c(t). Let a(h) = h + 14. Calculate a(p).
14
Let n(y) = -20*y**2 - 16*y + 14. Let b(o) = 17*o**2 + 16*o - 12. Let w(k) = -6*b(k) - 5*n(k). Determine w(-8).
2
Let w(b) = 15*b**2 + 22*b + 10018 - 10113 + 7*b**3 - 8*b**3. Give w(16).
1
Let w(i) = 7*i**2 - 5*i - 12. Let l(h) = -19*h**2 + 14*h + 35. Let v(f) = 4*l(f) + 11*w(f). What is v(4)?
28
Suppose -17*h + 22 + 29 = 0. Let s(w) = 2*w - 1. Let m be s(h). Let r(d) = d**2 + 1. Let o(f) = -5*f**2 - f - 13. Let k(a) = -o(a) - 6*r(a). Determine k(m).
-13
Let z(a) = -5*a**2 - 2*a + 10. Let k(b) = -5*b**2 - 4*b + 12. Let p(w) = -4*k(w) + 5*z(w). Give p(4).
-54
Let u = -21 + 12. Let s(x) = -31*x - 9. Let c(b) = b**3 + 10*b**2 + 10*b. Let n be c(-9). Let m(r) = -7*r - 2. Let o(a) = n*m(a) + 2*s(a). Calculate o(u).
-9
Let g(l) be the third derivative of -l**4/24 + 19*l**3/6 + 2560*l**2. Determine g(16).
3
Let l(a) = 4*a**3 - 9*a**3 - 15 + 17 + 25*a - 15*a**2 + 6*a**3. What is l(13)?
-11
Let o(b) = 4*b**3 - b**2 + 2*b + 6. Let q(l) = 0 + 6*l + l**2 - 3*l**2 + 5*l**3 + 7 - 4*l. Let i(j) = -4*o(j) + 3*q(j). Determine i(-2).
1
Let c(a) = 2*a**2 - 58*a - 130. Let z be c(31). Let l(s) = -4*s**2 - 12*s. Determine l(z).
-72
Let v(g) = 170*g - 56*g - 53*g - 148 + 33 - 56*g. Calculate v(23).
0
Let b be ((-5)/(-10))/((-1)/(-8)). Let q be 1106/126 - b/(-18). Let s(p) = -3*p**3 + 2*p**3 - q*p - 300 + 291 - 8*p**2. Give s(-7).
5
Let f(b) = b**3 + 9*b**2 - 6*b - 14. Let a be f(-9). Let d = -38 + a. Let r be (1/d)/((-6)/12). Let k(i) = -5*i**2. Calculate k(r).
-5
Let v(m) = -3*m**2 + 7*m - 7. Let l(h) = -2*h**2 + 7*h - 8. Let f(i) = 4*l(i) - 3*v(i). Suppose 1859*r + 4*d = 1857*r - 48, 28 = -4*d. Determine f(r).
19
Let r(v) = 50*v**2 + 0 - 3 - 51*v**2 + 1 + v - 3. Let o be r(3). Let u(c) = c**3 + 12*c**2 + 13*c + 11. Give u(o).
-11
Let j(c) = -88772*c + 428 - 462 - c**2 + 88785*c. Calculate j(10).
-4
Let s(g) = -4*g + 81. Let o = 4160 - 4140. Determine s(o).
1
Let d(u) be the third derivative of u**4/12 + 13*u**3/6 - 6*u**2 - 14. Determine d(2).
17
Let h = -3110 + 3113. Let x(k) be the third derivative of 0*k + 0*k**4 + 1/120*k**6 + 1/3*k**h + 0*k**5 + 8*k**2 + 0. Determine x(0).
2
Let d(a) = -7*a**3 - 17*a**2 - 13*a - 20. Let w(l) = -20*l**3 - 51*l**2 - 37*l - 60. Let n(k) = -17*d(k) + 6*w(k). Calculate n(-17).
-3
Let q = 503 + -501. Let x(p) = 28 + 3*p**q - p**3 - 4*p**2 + 32 + 10*p - 50 - 5*p**2. Give x(-7).
-11
Let p(r) = r**3 - 13*r**2 + 11*r + 14. Let v be p(12). Let a(t) be the first derivative of 2*t**3 - 3*t**2/2 - 194. Give a(v).
18
Let p be (3 - 3) + 1 + -3. Let j be (-8)/(((-4)/2)/(p/(-1))). Let k(s) = -s - j + 0 + 1. What is k(-8)?
1
Let t(c) = -c**3 + 8*c**2 - 3*c + 12. Let q = -142 - -282. Let r = q + -96. Suppose -3*n = 4*v + n - r, -1 = -2*v + 5*n. What is t(v)?
-12
Let z(p) = -3*p - 6. Suppose -10 = -6*w + w, t = -3*w + 11. Suppose 0 = 2*a + 8, -t*x + 0 = -2*a - 23. Give z(x).
-15
Let q = 17132 - 17131. Let s = 28 - 17. Let z(k) = 2*k + k - s*k - k**2 - q. Determine z(-8).
-1
Let q(t) be the third derivative of -13*t**8/20160 + 5*t**5/12 - 18*t**2. Let o(z) be the third derivative of q(z). Suppose 6*u - 4 = 2*u. Calculate o(u).
-13
Let w(u) = -3*u**3 - 12*u + 34*u**2 + 4 + 1 + 3*u - 37. What is w(11)?
-10
Let s(v) = -66*v**2 + 13*v - 4. Let i(r) = -43*r**2 + 13*r - 4. Let u(q) = 3*i(q) - 2*s(q). Give u(-5).
6
Let r(q) = 30*q - 95. Let n = 20889 - 20886. Determine r(n).
-5
Let p(f) be the second derivative of f**5/20 + 5*f**4/6 + 4*f**3/3 + 13*f**2/2 + 1462*f. Calculate p(-9).
22
Let c(p) = 25*p**2 - 24*p**2 - 13*p + 2 - 11. Let t(v) = -11*v - 31. Let z be t(-4). Give c(z).
-9
Let a(n) = n**2 - 6*n + 3. Let c = 250 + -248. Suppose 2*d + u = 13, c*d = u - 3 + 10. Give a(d).
-2
Let o(p) = -8*p + 31 + p - 30 - 2*p**2 - p + 2*p**3 - p**3. Give o(-2).
1
Let l(f) = 2*f**2 + 69*f - 189. Let w(a) = 81*a - 3682. Let n be w(45). What is l(n)?
-4
Suppose 3*p = 4*p - 25. Let t = 21 - p. Let d be (t/(-8))/1*0. Let s(i) = i + 6. Determine s(d).
6
Let b(z) = -7*z. Let d(u) = 9*u**2 + 26*u - 19. Let x be d(-6). Let m = -148 + x. Determine b(m).
-7
Let q(i) = i**3 + 6*i**2 + 3*i + 2. Suppose 0 = -7*t - 6*t + 52. Suppose -120 = t*z + 3*g + 2*g, z - g = -30. Let r be 154/z + 42/315. Give q(r).
12
Let f(b) = -b + 4. Suppose 7*y + 63 - 224 = 0. Let m = y - 5. Let q = m + -18. Determine f(q).
4
Suppose 0 = -13*a + 8*a + 65. Let b(h) = -3*h + 2*h**2 - 2*h - 9 + 6*h + a - h**3. Let t(y) = 4*y - 9. Let k be t(3). What is b(k)?
-2
Let l(m) = -2*m**3 + 51*m**2 + 21*m + 122. Suppose -340*g = -3724 - 5116. Calculate l(g).
-8
Suppose 390 = 24*y - 330. Suppose -y*x = -5*x + 50. Let v(d) = 7*d + 8. Let j(o) = 13*o + 15. Let c(w) = -6*j(w) + 11*v(w). What is c(x)?
0
Let l(m) = 38882 - 2*m + m + 3*m + 3*m - 38877. Determine l(1).
10
Suppose 3085 = -170*v - 4395. Let y(w) = 2*w**3 + 89*w**2 + 44*w - 7. What is y(v)?
-7
Suppose 4*j - r - 5 - 4 = 0, -r - 3 = -j. Let b = 20 + -25. Let q be (b - 36/(-8))*(j - 2). Let f(c) = c**3 - c - 5. Determine f(q).
-5
Let x(l) = -l**3 - 5*l**2 + 5*l + 7. Let m be x(-2). Let a be m*2/3*(-33)/(-55). Let y(d) = -d**2 - 5*d + 9. Determine y(a).
3
Let r be -13*(-12)/156 - 4/(-2). Let t(w) = w**3 - 3*w**2 - w - 5. What is t(r)?
-8
Let a(s) = -33 - s**2 + 44 + 13. Give a(-6).
-12
Let o(j) = 2*j + 3*j**2 + 4 - j**2 - j**2. Suppose 502 + 659 = -387*g. Calculate o(g).
7
Suppose -p + 798*g = 795*g + 21, 12 = -2*g. Let l(z) = z**2 + 38*z - 57. Determine l(p).
-18
Let i(f) = 2*f**3 - 2*f**3 + f**3. Let z be (-9 - -7)/(1/(-2)). Suppose 4*v + 0 = -y - 5, 4*y + 8 = -z*v. Give i(y).
-1
Let o be (-335)/35 + (-3)/(-21)*4. Let k(t) be the first derivative of t**2/2 - 2*t + 1. Calculate k(o).
-11
Let f(y) be the second derivative of y**3 + 21*y**2 + 312*y + 3. What is f(-5)?
12
Let p(a) = -a**2 + a - 3. Let v(c) = -c**3 - 1. Let s(f) = -p(f) - v(f). Let b = -130 + 272. Let r = -145 + b. What is s(r)?
-11
Let j(f) = f**2 - 16*f + 1. Let v(a) = 8*a**2 - 45*a + 5. Let z(m) = -3*j(m) + v(m). What is z(-1)?
4
Let b(s) be the first derivative of 1/24*s**4 + 0*s + 1/6*s**3 - 9/2*s**2 - 1/15*s**5 + 12. Let h(f) be the second derivative of b(f). Calculate h(-1).
-4
Suppose -76*d = -58*d - 54. Let f(v) be the second derivative of v**4/24 + 4*v**2 - 3*v. Let h(t) be the first derivative of f(t). What is h(d)?
3
Let o = -386 - -391. Suppose 5*u - 5 = -4*i, -i + u - 1 = 2*i. Let r(k) = 26*k**2 - 1 - 30*k**2 + i + k**3 - k. Give r(o).
19
Let h(x) be the third derivative of x**4/24 + x**3/3 - x**2. Let t = 9 - 6. Suppose 0 = 4*o - 4, -5*o + 2 + t = 3*p. Determine h(p).
2
Suppose z + 2*t = 0, z - 3*t - 1 = -6*t. Let p(y) be the first derivative of 0*y**2 - 2*y + 15 + 1/3*y**3. Give p(z).
2
Suppose 10 = -2*r + 26. Suppose n + r = 3*f, -f - 4*n = -0*n - 7. Let b(p) = -2 + f + 9*p - 8*p. Calculate b(-8).
-7
Let b = 48 + -62. Let a be (-3 - -1)/((-24)/b - 2). Let q(j) = j**2 - 15 + a*j + 15. What is q(-9)?
18
Let m(b) = b**2 + 3*b - 40. Let t be m(-8). Suppose t = 5*z + 14 - 9. Let q(d) = 13*d + 1. What is q(z)?
-12
Let q(z) = -2*z**3 + 102*z**2 - 81*z - 966. Let p be q(50). Let t(d) = d**3 + 17*d**2 + 17*d - 22. What is t(p)?
-38
Let b(p) be the first derivative of p**5/60 - p**3/3 - 35*p**2 - 122. Let c(t) be the second derivative of b(t). Give c(2).
2
Let t b